{"id":197,"date":"2016-02-02T15:37:48","date_gmt":"2016-02-02T14:37:48","guid":{"rendered":"http:\/\/fonologos.com\/nweb\/es\/?page_id=197"},"modified":"2016-04-04T11:25:16","modified_gmt":"2016-04-04T10:25:16","slug":"trastornos-de-la-deglucion","status":"publish","type":"page","link":"https:\/\/fonologos.com\/nweb\/es\/patologias\/trastornos-de-la-deglucion\/","title":{"rendered":"Trastornos de la degluci\u00f3n"},"content":{"rendered":"<p><a href=\"http:\/\/fonologos.com\/nweb\/wp-content\/uploads\/2015\/11\/trastornos-deglucion.png\"><img decoding=\"async\" loading=\"lazy\" class=\"alignnone size-full wp-image-21\" src=\"http:\/\/fonologos.com\/nweb\/wp-content\/uploads\/2015\/11\/trastornos-deglucion.png\" alt=\"trastornos-deglucion\" width=\"175\" height=\"128\" \/><\/a><\/p>\n<p style=\"text-align: justify;\"><span style=\"color: #454545;\">En FonoLogos diagnosticamos, tratamos y rehabilitamos estos trastornos en la degluci\u00f3n:<\/span><\/p>\n<h4><span style=\"color: #000000;\"><strong>Degluci\u00f3n disfuncional (o at\u00edpica)<\/strong><\/span><\/h4>\n<p style=\"text-align: justify;\"><span style=\"color: #454545;\">Son movimentos inadecuados de la lengua y\/o otras estructuras durante la fase oral de la degluci\u00f3n. El reci\u00e9n nacido mama con las mand\u00edbulas separadas y la lengua ajustada a la tetina o al pez\u00f3n. Al aparecer la dentici\u00f3n empieza a masticar y va abandonando el h\u00e1bito de succi\u00f3n. Progresivamente adopta el tipo de degluci\u00f3n del adulto en el que la lengua no se apoya contra los incisivos y los labios est\u00e1n en contacto pasivo.<\/span><\/p>\n<p style=\"text-align: justify;\"><span style=\"color: #454545;\">Si no se realiza adecuadamente esta transici\u00f3n y se mantiene el h\u00e1bito deglutorio infantil, puede convertirse en una malformaci\u00f3n de las arcadas dentarias y malposici\u00f3n de los dientes que impide la correcta oclusi\u00f3n de los maxilares. Tambi\u00e9n presentar\u00e1 alteraciones fon\u00e9ticas del habla.<\/span><\/p>\n<p><span style=\"color: #454545;\"><strong>Tratamiento de la Degluci\u00f3n Disfuncional<\/strong><\/span><\/p>\n<p style=\"text-align: justify;\"><span style=\"color: #454545;\">Requiere una exploraci\u00f3n a cargo del otorrinolaring\u00f3logo, foniatra o ortodontista para descartar una causa org\u00e1nica (vegetaciones o am\u00edgdalas palatinas entre otras) que pudiese haber pasado desapercibida.<\/span><\/p>\n<p style=\"text-align: justify;\"><span style=\"color: #454545;\">La intervenci\u00f3n logop\u00e9dica consiste en ense\u00f1ar al ni\u00f1o la correcta mec\u00e1nica de la degluci\u00f3n con reeducaci\u00f3n lingual y del resto de m\u00fasculos implicados en la masticaci\u00f3n para que actuen adecuadamente sobre las arcadas dentarias as\u00ed como reeducaci\u00f3n de la articulaci\u00f3n del habla.<\/span><\/p>\n<h4><span style=\"color: #000000;\"><strong>Otras Disfunciones Orofaciales<\/strong><\/span><\/h4>\n<p style=\"text-align: justify;\"><span style=\"color: #454545;\">Son alteraciones de la funci\u00f3n respiratoria, de succi\u00f3n, masticatoria. La respiraci\u00f3n y la masticaci\u00f3n determinan en gran manera la morfolog\u00eda de la cara. As\u00ed, alteraciones en estas funciones inducir\u00e1n desequilibrios en el crecimiento facial.<\/span><\/p>\n<p style=\"text-align: justify;\"><span style=\"color: #454545;\">El paso del aire puede estar dificultado a trav\u00e9s de las fosas nasales por la presencia de vegetaciones o p\u00f3lipos, o a trav\u00e9s de la faringe por un gran desarrollo de las am\u00edgdalas palatinas.<\/span><\/p>\n<p style=\"text-align: justify;\"><span style=\"color: #454545;\">Como consecuencia el paciente respirar\u00e1 por la boca y si es un ni\u00f1o en per\u00edodo de desarrollo se derivan disfunciones musculares de lengua, mejillas y labios que determinen alteraciones de la degluci\u00f3n (com se ha visto anteriormente) de la forma del paladar y mand\u00edbula, malposiciones dentarias que comprometen la masticaci\u00f3n, afectan a la articulaci\u00f3n t\u00e9mporo-mandibular (ATM), la competencia labial y finalmente la articulaci\u00f3n del habla y la est\u00e9tica facial.<\/span><br \/>\n<span style=\"color: #454545;\"> Un freno lingual corto, por otro lado, tambi\u00e9n puede afectar las funciones de la lengua.<\/span><\/p>\n<p><span style=\"color: #454545;\"><strong>Signos de alerta:<\/strong><\/span><\/p>\n<ul>\n<li style=\"text-align: justify;\"><span style=\"color: #454545;\">El ni\u00f1o respira p0r la boca y siempre la tiene abierta<\/span><\/li>\n<li style=\"text-align: justify;\"><span style=\"color: #454545;\">Tiene la cara alargada, tiene ojeras y est\u00e1 p\u00e1lido<\/span><\/li>\n<li style=\"text-align: justify;\"><span style=\"color: #454545;\">Tiene somnolencia, ronca por la noche<\/span><\/li>\n<li style=\"text-align: justify;\"><span style=\"color: #454545;\">El labio superior no cubre bien los dientes o las enc\u00edas<\/span><\/li>\n<li style=\"text-align: justify;\"><span style=\"color: #454545;\">Los dientes superiores se apoyan sobre el labio inferior.<\/span><\/li>\n<li style=\"text-align: justify;\"><span style=\"color: #454545;\">Mirando el perfil, la mand\u00edbula sobrepasa el maxilar superior<\/span><\/li>\n<li style=\"text-align: justify;\"><span style=\"color: #454545;\">Alguna o todas las piezas dentales inferiores cubren las superiores<\/span><\/li>\n<li style=\"text-align: justify;\"><span style=\"color: #454545;\">Cuando traga contrae los labios y la barbilla.<\/span><\/li>\n<li style=\"text-align: justify;\"><span style=\"color: #454545;\">Le cuesta masticar algunos alimentos y \u201chace bola\u201d<\/span><\/li>\n<li style=\"text-align: justify;\"><span style=\"color: #454545;\">Pronuncia mal algunos sonidos<\/span><\/li>\n<\/ul>\n<h4><span style=\"color: #000000;\"><strong>Disfagia<\/strong><\/span><\/h4>\n<p style=\"text-align: justify;\"><span style=\"color: #454545;\">Es la dificultad en la progresi\u00f3n de los alimentos desde la boca hasta el est\u00f3mago. En condiciones normales la lengua y los m\u00fasculos de la masticaci\u00f3n trabajan en conjunto para impulsar el bolo alimenticio, masticado y ensalivado, hacia la faringe. Desde este momento se desencadena una secuencia de movimientos que coordina sucesivas contracciones y relajaciones que hacen progresar el bolo hasta el est\u00f3mago.<\/span><\/p>\n<p style=\"text-align: justify;\"><span style=\"color: #454545;\">Si existe una causa que perturbe alguno de estos mecanismos a cualquier nivel, el resultado ser\u00e1 un trastorno de la degluci\u00f3n.<\/span><\/p>\n<p><span style=\"color: #454545;\"><strong>Signos de alerta:<\/strong><\/span><\/p>\n<ul>\n<li style=\"text-align: justify;\"><span style=\"color: #454545;\">Dificultades para engullir l\u00edquidos, se atraganta o sobreviene tos a cada trago<\/span><\/li>\n<li style=\"text-align: justify;\"><span style=\"color: #454545;\">Infecciones respiratorias frecuentes<\/span><\/li>\n<li style=\"text-align: justify;\"><span style=\"color: #454545;\">La comida vuelve a la boca o a la nariz despu\u00e9s de haberla engullido<\/span><\/li>\n<li style=\"text-align: justify;\"><span style=\"color: #454545;\">Dificultades para engullir s\u00f3lidos, se tiene la sensaci\u00f3n que el alimento no puede pasar<\/span><\/li>\n<li style=\"text-align: justify;\"><span style=\"color: #454545;\">Despu\u00e9s de engullir queda sensaci\u00f3n de tener restos alimentarios en la faringe<\/span><\/li>\n<\/ul>\n<p><span style=\"color: #454545;\"><strong>Causas de disfagia:<\/strong><\/span><\/p>\n<ul>\n<li style=\"text-align: justify;\"><span style=\"color: #454545;\">Accidentes vasculares cerebrales, afecciones neurol\u00f3gicas y enfermedades degenerativas causan descoordinaci\u00f3n en los movimientos de apertura y cierre del esf\u00ednter esof\u00e1gico superior o afectan a la funci\u00f3n valvular de la laringe.<\/span><\/li>\n<li style=\"text-align: justify;\"><span style=\"color: #454545;\">Tumores de boca o faringe crean obstrucci\u00f3n al paso de los alimentos.<\/span><\/li>\n<li style=\"text-align: justify;\"><span style=\"color: #454545;\">Resecciones quir\u00fargicas pueden alterar la anatom\u00eda y la fisiolog\u00eda de la v\u00eda digestiva.<\/span><\/li>\n<li style=\"text-align: justify;\"><span style=\"color: #454545;\">Diversos f\u00e1rmacos como los sedantes, antidepresivos, antipsic\u00f3ticos, retrovirales, antiinflamatorios, entre otros, pueden afectar a la degluci\u00f3n sobretodo en personas mayores.<\/span><\/li>\n<li style=\"text-align: justify;\"><span style=\"color: #454545;\">Alteraciones de la motilidad del es\u00f3fago o estenosis (estrechamiento) por reflujo gastro \u2013 esof\u00e1gico.<\/span><\/li>\n<\/ul>\n<p><span style=\"color: #454545;\"><strong>Tratamiento de la Disfagia:<\/strong><\/span><\/p>\n<p style=\"text-align: justify;\"><span style=\"color: #454545;\">Despu\u00e9s de establecer si el origen es en la orofaringe o en el es\u00f3fago y si es de naturaleza obstructiva o neuromuscular, se aplican las medidas terap\u00e9uticas que, desde el punto de vista de la rehabilitaci\u00f3n, pueden incluir:<\/span><\/p>\n<ul>\n<li style=\"text-align: justify;\"><span style=\"color: #454545;\">Cambios posturales de cabeza y cuello para redirigir el bolo alimenticio.<\/span><\/li>\n<li style=\"text-align: justify;\"><span style=\"color: #454545;\">Est\u00edmulos sensitivos para favorecer el reflejo de la degluci\u00f3n.<\/span><\/li>\n<li style=\"text-align: justify;\"><span style=\"color: #454545;\">Maniobras deglutorias y ejercicios de refuerzo de la musculatura.<\/span><\/li>\n<li style=\"text-align: justify;\"><span style=\"color: #454545;\">Adaptaci\u00f3n de la dieta con cambios en el tama\u00f1o del bolo y la consistencia y textura de los alimentos<\/span><\/li>\n<\/ul>\n","protected":false},"excerpt":{"rendered":"<p>En FonoLogos diagnosticamos, tratamos y rehabilitamos estos trastornos en la degluci\u00f3n: Degluci\u00f3n disfuncional (o at\u00edpica) Son movimentos inadecuados de la lengua y\/o otras estructuras durante la fase oral de la degluci\u00f3n. El reci\u00e9n nacido mama con las mand\u00edbulas separadas y la lengua ajustada a la tetina o al pez\u00f3n. Al aparecer la dentici\u00f3n empieza a [&hellip;]<\/p>\n","protected":false},"author":1,"featured_media":0,"parent":165,"menu_order":10,"comment_status":"closed","ping_status":"closed","template":"","meta":[],"yoast_head":"<!-- This site is optimized with the Yoast SEO plugin v20.6 - https:\/\/yoast.com\/wordpress\/plugins\/seo\/ -->\n<title>Trastornos de la degluci\u00f3n - Fonologos<\/title>\n<meta name=\"robots\" content=\"index, follow, max-snippet:-1, max-image-preview:large, max-video-preview:-1\" \/>\n<link rel=\"canonical\" href=\"https:\/\/fonologos.com\/nweb\/patologias\/trastornos-de-la-deglucion\/\" \/>\n<meta property=\"og:locale\" content=\"ca_ES\" \/>\n<meta property=\"og:type\" content=\"article\" \/>\n<meta property=\"og:title\" content=\"Trastornos de la degluci\u00f3n - Fonologos\" \/>\n<meta property=\"og:description\" content=\"En FonoLogos diagnosticamos, tratamos y rehabilitamos estos trastornos en la degluci\u00f3n: Degluci\u00f3n disfuncional (o at\u00edpica) Son movimentos inadecuados de la lengua y\/o otras estructuras durante la fase oral de la degluci\u00f3n. El reci\u00e9n nacido mama con las mand\u00edbulas separadas y la lengua ajustada a la tetina o al pez\u00f3n. Al aparecer la dentici\u00f3n empieza a [&hellip;]\" \/>\n<meta property=\"og:url\" content=\"https:\/\/fonologos.com\/nweb\/es\/patologias\/trastornos-de-la-deglucion\/\" \/>\n<meta property=\"og:site_name\" content=\"Fonologos\" \/>\n<meta property=\"article:modified_time\" content=\"2016-04-04T10:25:16+00:00\" \/>\n<meta property=\"og:image\" content=\"http:\/\/fonologos.com\/nweb\/wp-content\/uploads\/2015\/11\/trastornos-deglucion.png\" \/>\n<meta name=\"twitter:card\" content=\"summary_large_image\" \/>\n<meta name=\"twitter:label1\" content=\"Temps estimat de lectura\" \/>\n\t<meta name=\"twitter:data1\" content=\"4 minuts\" \/>\n<script type=\"application\/ld+json\" class=\"yoast-schema-graph\">{\"@context\":\"https:\/\/schema.org\",\"@graph\":[{\"@type\":\"WebPage\",\"@id\":\"https:\/\/fonologos.com\/nweb\/es\/patologias\/trastornos-de-la-deglucion\/\",\"url\":\"https:\/\/fonologos.com\/nweb\/es\/patologias\/trastornos-de-la-deglucion\/\",\"name\":\"Trastornos de la degluci\u00f3n - Fonologos\",\"isPartOf\":{\"@id\":\"https:\/\/fonologos.com\/nweb\/#website\"},\"datePublished\":\"2016-02-02T14:37:48+00:00\",\"dateModified\":\"2016-04-04T10:25:16+00:00\",\"breadcrumb\":{\"@id\":\"https:\/\/fonologos.com\/nweb\/es\/patologias\/trastornos-de-la-deglucion\/#breadcrumb\"},\"inLanguage\":\"ca\",\"potentialAction\":[{\"@type\":\"ReadAction\",\"target\":[\"https:\/\/fonologos.com\/nweb\/es\/patologias\/trastornos-de-la-deglucion\/\"]}]},{\"@type\":\"BreadcrumbList\",\"@id\":\"https:\/\/fonologos.com\/nweb\/es\/patologias\/trastornos-de-la-deglucion\/#breadcrumb\",\"itemListElement\":[{\"@type\":\"ListItem\",\"position\":1,\"name\":\"Inici\",\"item\":\"https:\/\/fonologos.com\/nweb\/\"},{\"@type\":\"ListItem\",\"position\":2,\"name\":\"Trastornos de la degluci\u00f3n\"}]},{\"@type\":\"WebSite\",\"@id\":\"https:\/\/fonologos.com\/nweb\/#website\",\"url\":\"https:\/\/fonologos.com\/nweb\/\",\"name\":\"Fonologos\",\"description\":\"Cl\u00ednica de Foniatria i Logop\u00e8dia a Barcelona\",\"potentialAction\":[{\"@type\":\"SearchAction\",\"target\":{\"@type\":\"EntryPoint\",\"urlTemplate\":\"https:\/\/fonologos.com\/nweb\/?s={search_term_string}\"},\"query-input\":\"required name=search_term_string\"}],\"inLanguage\":\"ca\"}]}<\/script>\n<!-- \/ Yoast SEO plugin. -->","yoast_head_json":{"title":"Trastornos de la degluci\u00f3n - Fonologos","robots":{"index":"index","follow":"follow","max-snippet":"max-snippet:-1","max-image-preview":"max-image-preview:large","max-video-preview":"max-video-preview:-1"},"canonical":"https:\/\/fonologos.com\/nweb\/patologias\/trastornos-de-la-deglucion\/","og_locale":"ca_ES","og_type":"article","og_title":"Trastornos de la degluci\u00f3n - Fonologos","og_description":"En FonoLogos diagnosticamos, tratamos y rehabilitamos estos trastornos en la degluci\u00f3n: Degluci\u00f3n disfuncional (o at\u00edpica) Son movimentos inadecuados de la lengua y\/o otras estructuras durante la fase oral de la degluci\u00f3n. El reci\u00e9n nacido mama con las mand\u00edbulas separadas y la lengua ajustada a la tetina o al pez\u00f3n. Al aparecer la dentici\u00f3n empieza a [&hellip;]","og_url":"https:\/\/fonologos.com\/nweb\/es\/patologias\/trastornos-de-la-deglucion\/","og_site_name":"Fonologos","article_modified_time":"2016-04-04T10:25:16+00:00","og_image":[{"url":"http:\/\/fonologos.com\/nweb\/wp-content\/uploads\/2015\/11\/trastornos-deglucion.png"}],"twitter_card":"summary_large_image","twitter_misc":{"Temps estimat de lectura":"4 minuts"},"schema":{"@context":"https:\/\/schema.org","@graph":[{"@type":"WebPage","@id":"https:\/\/fonologos.com\/nweb\/es\/patologias\/trastornos-de-la-deglucion\/","url":"https:\/\/fonologos.com\/nweb\/es\/patologias\/trastornos-de-la-deglucion\/","name":"Trastornos de la degluci\u00f3n - Fonologos","isPartOf":{"@id":"https:\/\/fonologos.com\/nweb\/#website"},"datePublished":"2016-02-02T14:37:48+00:00","dateModified":"2016-04-04T10:25:16+00:00","breadcrumb":{"@id":"https:\/\/fonologos.com\/nweb\/es\/patologias\/trastornos-de-la-deglucion\/#breadcrumb"},"inLanguage":"ca","potentialAction":[{"@type":"ReadAction","target":["https:\/\/fonologos.com\/nweb\/es\/patologias\/trastornos-de-la-deglucion\/"]}]},{"@type":"BreadcrumbList","@id":"https:\/\/fonologos.com\/nweb\/es\/patologias\/trastornos-de-la-deglucion\/#breadcrumb","itemListElement":[{"@type":"ListItem","position":1,"name":"Inici","item":"https:\/\/fonologos.com\/nweb\/"},{"@type":"ListItem","position":2,"name":"Trastornos de la degluci\u00f3n"}]},{"@type":"WebSite","@id":"https:\/\/fonologos.com\/nweb\/#website","url":"https:\/\/fonologos.com\/nweb\/","name":"Fonologos","description":"Cl\u00ednica de Foniatria i Logop\u00e8dia a Barcelona","potentialAction":[{"@type":"SearchAction","target":{"@type":"EntryPoint","urlTemplate":"https:\/\/fonologos.com\/nweb\/?s={search_term_string}"},"query-input":"required name=search_term_string"}],"inLanguage":"ca"}]}},"_links":{"self":[{"href":"https:\/\/fonologos.com\/nweb\/wp-json\/wp\/v2\/pages\/197"}],"collection":[{"href":"https:\/\/fonologos.com\/nweb\/wp-json\/wp\/v2\/pages"}],"about":[{"href":"https:\/\/fonologos.com\/nweb\/wp-json\/wp\/v2\/types\/page"}],"author":[{"embeddable":true,"href":"https:\/\/fonologos.com\/nweb\/wp-json\/wp\/v2\/users\/1"}],"replies":[{"embeddable":true,"href":"https:\/\/fonologos.com\/nweb\/wp-json\/wp\/v2\/comments?post=197"}],"version-history":[{"count":8,"href":"https:\/\/fonologos.com\/nweb\/wp-json\/wp\/v2\/pages\/197\/revisions"}],"predecessor-version":[{"id":484,"href":"https:\/\/fonologos.com\/nweb\/wp-json\/wp\/v2\/pages\/197\/revisions\/484"}],"up":[{"embeddable":true,"href":"https:\/\/fonologos.com\/nweb\/wp-json\/wp\/v2\/pages\/165"}],"wp:attachment":[{"href":"https:\/\/fonologos.com\/nweb\/wp-json\/wp\/v2\/media?parent=197"}],"curies":[{"name":"wp","href":"https:\/\/api.w.org\/{rel}","templated":true}]}}