{"id":155,"date":"2016-01-29T12:57:59","date_gmt":"2016-01-29T11:57:59","guid":{"rendered":"http:\/\/fonologos.com\/nweb\/es\/?page_id=155"},"modified":"2024-11-28T15:05:13","modified_gmt":"2024-11-28T14:05:13","slug":"el-servicio","status":"publish","type":"page","link":"https:\/\/fonologos.com\/nweb\/es\/el-servicio\/","title":{"rendered":"El servicio"},"content":{"rendered":"<h4 align=\"justify\"><span style=\"color: #9bc41d;\"><strong><span style=\"color: #000000;\"><\/span><br \/>\n<\/strong><\/span><\/h4>\n<p><span style=\"color: #454545;\"><span style=\"color: #9bc41d;\"><strong><span style=\"color: #000000;\">FONOLOGOS<\/span><\/strong><\/span> es un servicio m\u00e9dico de foniatr\u00eda y logopedia ubicado en la ciudad de Barcelona, especializado en las patolog\u00edas de la comunicaci\u00f3n.<\/span><br \/>\n<span style=\"color: #454545;\"> La consulta est\u00e1 enfocada al diagn\u00f3stico y tratamiento de las alteraciones de la voz, habla, lenguaje, degluci\u00f3n y audici\u00f3n en adultos y ni\u00f1os.<\/span><\/p>\n<h4 align=\"justify\"><\/h4>\n<h4 align=\"justify\"><\/h4>\n<h4 align=\"justify\"><\/h4>\n<h4 align=\"justify\"><\/h4>\n<h4 align=\"justify\"><\/h4>\n<p><\/br><\/br><\/br><\/br><\/p>\n<h4 align=\"justify\"><span style=\"color: #9bc41d;\"><strong><span style=\"color: #000000;\">Facultativo responsable<\/span><br \/>\n<\/strong><\/span><\/h4>\n<p><span style=\"color: #087308;\"><strong>Dra. M. Pilar Murtr\u00f3 Ayats<\/strong><\/span><br \/>\n<span style=\"color: #454545;\">Licenciada en Medicina y Cirug\u00eda por la UB. Colegiada en el CoMB con el n\u00ba 10508<\/span><br \/>\n<span style=\"color: #454545;\"> Foniatra miembro de la Sociedad M\u00e9dica Espa\u00f1ola de Foniatr\u00eda (SOMEF)<\/span><br \/>\n<span style=\"color: #454545;\"> M\u00e1ster en Logopedia por la UB. Colegiada en el CLC con el n\u00ba 176<\/span><br \/>\n<span style=\"color: #454545;\"> Miembro de la Societat Catalana de Logop\u00e8dia (SCL), de l\u2019Acad\u00e8mia de Ci\u00e8ncies M\u00e8diques de Catalunya i Balears i de l\u2019Associaci\u00f3 Catalana de Professors de Cant (ACPC)<\/span><\/p>\n<h5><\/h5>\n","protected":false},"excerpt":{"rendered":"<p>FONOLOGOS es un servicio m\u00e9dico de foniatr\u00eda y logopedia ubicado en la ciudad de Barcelona, especializado en las patolog\u00edas de la comunicaci\u00f3n. La consulta est\u00e1 enfocada al diagn\u00f3stico y tratamiento de las alteraciones de la voz, habla, lenguaje, degluci\u00f3n y audici\u00f3n en adultos y ni\u00f1os. Facultativo responsable Dra. M. Pilar Murtr\u00f3 Ayats Licenciada en Medicina [&hellip;]<\/p>\n","protected":false},"author":1,"featured_media":125,"parent":0,"menu_order":0,"comment_status":"closed","ping_status":"closed","template":"","meta":[],"yoast_head":"<!-- This site is optimized with the Yoast SEO plugin v20.6 - https:\/\/yoast.com\/wordpress\/plugins\/seo\/ -->\n<title>El servicio - Fonologos<\/title>\n<meta name=\"robots\" content=\"index, follow, max-snippet:-1, max-image-preview:large, max-video-preview:-1\" \/>\n<link rel=\"canonical\" href=\"https:\/\/fonologos.com\/nweb\/el-servicio\/\" \/>\n<meta property=\"og:locale\" content=\"ca_ES\" \/>\n<meta property=\"og:type\" content=\"article\" \/>\n<meta property=\"og:title\" content=\"El servicio - Fonologos\" \/>\n<meta property=\"og:description\" content=\"FONOLOGOS es un servicio m\u00e9dico de foniatr\u00eda y logopedia ubicado en la ciudad de Barcelona, especializado en las patolog\u00edas de la comunicaci\u00f3n. La consulta est\u00e1 enfocada al diagn\u00f3stico y tratamiento de las alteraciones de la voz, habla, lenguaje, degluci\u00f3n y audici\u00f3n en adultos y ni\u00f1os. Facultativo responsable Dra. M. Pilar Murtr\u00f3 Ayats Licenciada en Medicina [&hellip;]\" \/>\n<meta property=\"og:url\" content=\"https:\/\/fonologos.com\/nweb\/es\/el-servicio\/\" \/>\n<meta property=\"og:site_name\" content=\"Fonologos\" \/>\n<meta property=\"article:modified_time\" content=\"2024-11-28T14:05:13+00:00\" \/>\n<meta property=\"og:image\" content=\"https:\/\/fonologos.com\/nweb\/wp-content\/uploads\/2015\/11\/laboratorio.jpg\" \/>\n\t<meta property=\"og:image:width\" content=\"640\" \/>\n\t<meta property=\"og:image:height\" content=\"480\" \/>\n\t<meta property=\"og:image:type\" content=\"image\/jpeg\" \/>\n<meta name=\"twitter:card\" content=\"summary_large_image\" \/>\n<meta name=\"twitter:label1\" content=\"Temps estimat de lectura\" \/>\n\t<meta name=\"twitter:data1\" content=\"1 minut\" \/>\n<script type=\"application\/ld+json\" class=\"yoast-schema-graph\">{\"@context\":\"https:\/\/schema.org\",\"@graph\":[{\"@type\":\"WebPage\",\"@id\":\"https:\/\/fonologos.com\/nweb\/es\/el-servicio\/\",\"url\":\"https:\/\/fonologos.com\/nweb\/es\/el-servicio\/\",\"name\":\"El servicio - Fonologos\",\"isPartOf\":{\"@id\":\"https:\/\/fonologos.com\/nweb\/#website\"},\"datePublished\":\"2016-01-29T11:57:59+00:00\",\"dateModified\":\"2024-11-28T14:05:13+00:00\",\"breadcrumb\":{\"@id\":\"https:\/\/fonologos.com\/nweb\/es\/el-servicio\/#breadcrumb\"},\"inLanguage\":\"ca\",\"potentialAction\":[{\"@type\":\"ReadAction\",\"target\":[\"https:\/\/fonologos.com\/nweb\/es\/el-servicio\/\"]}]},{\"@type\":\"BreadcrumbList\",\"@id\":\"https:\/\/fonologos.com\/nweb\/es\/el-servicio\/#breadcrumb\",\"itemListElement\":[{\"@type\":\"ListItem\",\"position\":1,\"name\":\"Inici\",\"item\":\"https:\/\/fonologos.com\/nweb\/\"},{\"@type\":\"ListItem\",\"position\":2,\"name\":\"El servicio\"}]},{\"@type\":\"WebSite\",\"@id\":\"https:\/\/fonologos.com\/nweb\/#website\",\"url\":\"https:\/\/fonologos.com\/nweb\/\",\"name\":\"Fonologos\",\"description\":\"Cl\u00ednica de Foniatria i Logop\u00e8dia a Barcelona\",\"potentialAction\":[{\"@type\":\"SearchAction\",\"target\":{\"@type\":\"EntryPoint\",\"urlTemplate\":\"https:\/\/fonologos.com\/nweb\/?s={search_term_string}\"},\"query-input\":\"required name=search_term_string\"}],\"inLanguage\":\"ca\"}]}<\/script>\n<!-- \/ Yoast SEO plugin. -->","yoast_head_json":{"title":"El servicio - Fonologos","robots":{"index":"index","follow":"follow","max-snippet":"max-snippet:-1","max-image-preview":"max-image-preview:large","max-video-preview":"max-video-preview:-1"},"canonical":"https:\/\/fonologos.com\/nweb\/el-servicio\/","og_locale":"ca_ES","og_type":"article","og_title":"El servicio - Fonologos","og_description":"FONOLOGOS es un servicio m\u00e9dico de foniatr\u00eda y logopedia ubicado en la ciudad de Barcelona, especializado en las patolog\u00edas de la comunicaci\u00f3n. La consulta est\u00e1 enfocada al diagn\u00f3stico y tratamiento de las alteraciones de la voz, habla, lenguaje, degluci\u00f3n y audici\u00f3n en adultos y ni\u00f1os. Facultativo responsable Dra. M. Pilar Murtr\u00f3 Ayats Licenciada en Medicina [&hellip;]","og_url":"https:\/\/fonologos.com\/nweb\/es\/el-servicio\/","og_site_name":"Fonologos","article_modified_time":"2024-11-28T14:05:13+00:00","og_image":[{"width":640,"height":480,"url":"https:\/\/fonologos.com\/nweb\/wp-content\/uploads\/2015\/11\/laboratorio.jpg","type":"image\/jpeg"}],"twitter_card":"summary_large_image","twitter_misc":{"Temps estimat de lectura":"1 minut"},"schema":{"@context":"https:\/\/schema.org","@graph":[{"@type":"WebPage","@id":"https:\/\/fonologos.com\/nweb\/es\/el-servicio\/","url":"https:\/\/fonologos.com\/nweb\/es\/el-servicio\/","name":"El servicio - Fonologos","isPartOf":{"@id":"https:\/\/fonologos.com\/nweb\/#website"},"datePublished":"2016-01-29T11:57:59+00:00","dateModified":"2024-11-28T14:05:13+00:00","breadcrumb":{"@id":"https:\/\/fonologos.com\/nweb\/es\/el-servicio\/#breadcrumb"},"inLanguage":"ca","potentialAction":[{"@type":"ReadAction","target":["https:\/\/fonologos.com\/nweb\/es\/el-servicio\/"]}]},{"@type":"BreadcrumbList","@id":"https:\/\/fonologos.com\/nweb\/es\/el-servicio\/#breadcrumb","itemListElement":[{"@type":"ListItem","position":1,"name":"Inici","item":"https:\/\/fonologos.com\/nweb\/"},{"@type":"ListItem","position":2,"name":"El servicio"}]},{"@type":"WebSite","@id":"https:\/\/fonologos.com\/nweb\/#website","url":"https:\/\/fonologos.com\/nweb\/","name":"Fonologos","description":"Cl\u00ednica de Foniatria i Logop\u00e8dia a Barcelona","potentialAction":[{"@type":"SearchAction","target":{"@type":"EntryPoint","urlTemplate":"https:\/\/fonologos.com\/nweb\/?s={search_term_string}"},"query-input":"required name=search_term_string"}],"inLanguage":"ca"}]}},"_links":{"self":[{"href":"https:\/\/fonologos.com\/nweb\/wp-json\/wp\/v2\/pages\/155"}],"collection":[{"href":"https:\/\/fonologos.com\/nweb\/wp-json\/wp\/v2\/pages"}],"about":[{"href":"https:\/\/fonologos.com\/nweb\/wp-json\/wp\/v2\/types\/page"}],"author":[{"embeddable":true,"href":"https:\/\/fonologos.com\/nweb\/wp-json\/wp\/v2\/users\/1"}],"replies":[{"embeddable":true,"href":"https:\/\/fonologos.com\/nweb\/wp-json\/wp\/v2\/comments?post=155"}],"version-history":[{"count":21,"href":"https:\/\/fonologos.com\/nweb\/wp-json\/wp\/v2\/pages\/155\/revisions"}],"predecessor-version":[{"id":1051,"href":"https:\/\/fonologos.com\/nweb\/wp-json\/wp\/v2\/pages\/155\/revisions\/1051"}],"wp:featuredmedia":[{"embeddable":true,"href":"https:\/\/fonologos.com\/nweb\/wp-json\/wp\/v2\/media\/125"}],"wp:attachment":[{"href":"https:\/\/fonologos.com\/nweb\/wp-json\/wp\/v2\/media?parent=155"}],"curies":[{"name":"wp","href":"https:\/\/api.w.org\/{rel}","templated":true}]}}