{"id":145,"date":"2015-12-03T17:25:18","date_gmt":"2015-12-03T16:25:18","guid":{"rendered":"http:\/\/fonologos.com\/nweb\/es\/?page_id=145"},"modified":"2024-11-26T19:24:03","modified_gmt":"2024-11-26T18:24:03","slug":"145-2","status":"publish","type":"page","link":"https:\/\/fonologos.com\/nweb\/es\/145-2\/","title":{"rendered":""},"content":{"rendered":"<p style=\"text-align: center;\"><strong><span style=\"color: #000000;\">FonoLogos es un servicio m\u00e9dico de foniatr\u00eda y logopedia de la ciudad de Barcelona, especializado en las patolog\u00edas de la Comunicaci\u00f3n.<br \/>\nNuestra consulta est\u00e1 enfocada al diagn\u00f3stico y tratamiento de las alteraciones de la voz, habla, lenguaje, degluci\u00f3n y audici\u00f3n en adultos y ni\u00f1os, as\u00ed como a cursos de t\u00e9cnica vocal y prevenci\u00f3n en profesiones que impliquen el uso de la voz.<br \/>\n<\/span><\/strong><\/p>\n<h6>\u00daltima actualizaci\u00f3n 26 de noviembre de 2024<\/h6>\n<p>&nbsp;<\/p>\n<div class=\"fila\">\n<div class=\"col\" style=\"width: 49%; float: left;\"><a href=\"\/?page_id=167\"><img decoding=\"async\" src=\"http:\/\/fonologos.com\/nweb\/wp-content\/uploads\/2020\/08\/lenguaje-y-comunicacion.png\" alt=\"Lenguaje y comunicaci\u00f3n\" \/><\/a><\/div>\n<div class=\"col\" style=\"width: 49%; float: left;\"><a href=\"\/?page_id=177\"><img decoding=\"async\" src=\"http:\/\/fonologos.com\/nweb\/wp-content\/uploads\/2020\/08\/patologias-de-la-voz-1.png\" alt=\"Patologias de la voz\" \/><\/a><\/div>\n<\/div>\n<div class=\"fila\">\n<div class=\"col\" style=\"width: 49%; float: left;\"><a href=\"\/?page_id=170\"><img decoding=\"async\" src=\"http:\/\/fonologos.com\/nweb\/wp-content\/uploads\/2020\/08\/habla.png\" alt=\"Habla\" \/><\/a><\/div>\n<div class=\"col\" style=\"width: 49%; float: left;\"><a href=\"\/?page_id=182\"><img decoding=\"async\" src=\"http:\/\/fonologos.com\/nweb\/wp-content\/uploads\/2020\/08\/laboratorio.png\" alt=\"Laboratorio de voz y habla\" \/><\/a><\/div>\n<\/div>\n<div class=\"fila\">\n<div class=\"col\" style=\"width: 49%; float: left;\"><a href=\"\/?page_id=175\"><img decoding=\"async\" src=\"http:\/\/fonologos.com\/nweb\/wp-content\/uploads\/2020\/08\/tartamudez.png\" alt=\"Tartamudez\" \/><\/a><\/div>\n<div class=\"col\" style=\"width: 49%; float: left;\"><a href=\"\/?page_id=184\"><img decoding=\"async\" src=\"http:\/\/fonologos.com\/nweb\/wp-content\/uploads\/2020\/08\/habla-en-publico.png\" alt=\"Habla en p\u00fablico\" \/><\/a><\/div>\n<\/div>\n<div class=\"fila\">\n<div class=\"col\" style=\"width: 49%; float: left;\"><a href=\"\/?page_id=186\"><img decoding=\"async\" src=\"http:\/\/fonologos.com\/nweb\/wp-content\/uploads\/2020\/08\/la-voz-del-teatro.png\" alt=\"La voz en el teatro\" \/><\/a><\/div>\n<div class=\"col\" style=\"width: 49%; float: left;\"><a href=\"\/?page_id=191\"><img decoding=\"async\" src=\"http:\/\/fonologos.com\/nweb\/wp-content\/uploads\/2020\/08\/la-voz-del-cantante.png\" alt=\"La voz del cantante\" \/><\/a><\/div>\n<\/div>\n<div class=\"fila\">\n<div class=\"col\" style=\"width: 49%; float: left;\"><a href=\"\/?page_id=195\"><img decoding=\"async\" src=\"http:\/\/fonologos.com\/nweb\/wp-content\/uploads\/2020\/08\/trastornos-de-la-audicion.png\" alt=\"Trastornos de la audici\u00f3n\" \/><\/a><\/div>\n<div class=\"col\" style=\"width: 49%; float: left;\"><a href=\"\/?page_id=197\"><img decoding=\"async\" src=\"http:\/\/fonologos.com\/nweb\/wp-content\/uploads\/2020\/08\/trastornos-de-la-deglucion.png\" alt=\"Trastornos de la degluci\u00f3n\" \/><\/a><\/div>\n<\/div>\n<div class=\"fila\">\n<div class=\"col\" style=\"width: 49%; float: left;\"><a href=\"\/?page_id=896\"><img decoding=\"async\" src=\"http:\/\/fonologos.com\/nweb\/wp-content\/uploads\/2020\/08\/cursos-salud-vocal-teleoperadores.png\" alt=\"Cursos Salud Vocal Teleoperadores\" \/><\/a><\/div>\n<div class=\"col\" style=\"width: 49%; float: left;\"><a href=\"\/?page_id=899\"><img decoding=\"async\" src=\"http:\/\/fonologos.com\/nweb\/wp-content\/uploads\/2020\/08\/telelogopedia-1.png\" alt=\"Telelogopedia\" \/><\/a><\/div>\n<\/div>\n","protected":false},"excerpt":{"rendered":"<p>FonoLogos es un servicio m\u00e9dico de foniatr\u00eda y logopedia de la ciudad de Barcelona, especializado en las patolog\u00edas de la Comunicaci\u00f3n. Nuestra consulta est\u00e1 enfocada al diagn\u00f3stico y tratamiento de las alteraciones de la voz, habla, lenguaje, degluci\u00f3n y audici\u00f3n en adultos y ni\u00f1os, as\u00ed como a cursos de t\u00e9cnica vocal y prevenci\u00f3n en profesiones [&hellip;]<\/p>\n","protected":false},"author":1,"featured_media":0,"parent":0,"menu_order":0,"comment_status":"closed","ping_status":"closed","template":"template-full.php","meta":[],"yoast_head":"<!-- This site is optimized with the Yoast SEO plugin v20.6 - https:\/\/yoast.com\/wordpress\/plugins\/seo\/ -->\n<title>- Fonologos<\/title>\n<meta name=\"robots\" content=\"index, follow, max-snippet:-1, max-image-preview:large, max-video-preview:-1\" \/>\n<link rel=\"canonical\" href=\"https:\/\/fonologos.com\/nweb\/\" \/>\n<meta property=\"og:locale\" content=\"ca_ES\" \/>\n<meta property=\"og:type\" content=\"article\" \/>\n<meta property=\"og:title\" content=\"- Fonologos\" \/>\n<meta property=\"og:description\" content=\"FonoLogos es un servicio m\u00e9dico de foniatr\u00eda y logopedia de la ciudad de Barcelona, especializado en las patolog\u00edas de la Comunicaci\u00f3n. Nuestra consulta est\u00e1 enfocada al diagn\u00f3stico y tratamiento de las alteraciones de la voz, habla, lenguaje, degluci\u00f3n y audici\u00f3n en adultos y ni\u00f1os, as\u00ed como a cursos de t\u00e9cnica vocal y prevenci\u00f3n en profesiones [&hellip;]\" \/>\n<meta property=\"og:url\" content=\"https:\/\/fonologos.com\/nweb\/es\/\" \/>\n<meta property=\"og:site_name\" content=\"Fonologos\" \/>\n<meta property=\"article:modified_time\" content=\"2024-11-26T18:24:03+00:00\" \/>\n<meta property=\"og:image\" content=\"http:\/\/fonologos.com\/nweb\/wp-content\/uploads\/2020\/08\/lenguaje-y-comunicacion.png\" \/>\n<meta name=\"twitter:card\" content=\"summary_large_image\" \/>\n<meta name=\"twitter:label1\" content=\"Temps estimat de lectura\" \/>\n\t<meta name=\"twitter:data1\" content=\"3 minuts\" \/>\n<script type=\"application\/ld+json\" class=\"yoast-schema-graph\">{\"@context\":\"https:\/\/schema.org\",\"@graph\":[{\"@type\":\"WebPage\",\"@id\":\"https:\/\/fonologos.com\/nweb\/es\/\",\"url\":\"https:\/\/fonologos.com\/nweb\/es\/\",\"name\":\"- Fonologos\",\"isPartOf\":{\"@id\":\"https:\/\/fonologos.com\/nweb\/#website\"},\"datePublished\":\"2015-12-03T16:25:18+00:00\",\"dateModified\":\"2024-11-26T18:24:03+00:00\",\"inLanguage\":\"ca\",\"potentialAction\":[{\"@type\":\"ReadAction\",\"target\":[\"https:\/\/fonologos.com\/nweb\/es\/\"]}]},{\"@type\":\"WebSite\",\"@id\":\"https:\/\/fonologos.com\/nweb\/#website\",\"url\":\"https:\/\/fonologos.com\/nweb\/\",\"name\":\"Fonologos\",\"description\":\"Cl\u00ednica de Foniatria i Logop\u00e8dia a Barcelona\",\"potentialAction\":[{\"@type\":\"SearchAction\",\"target\":{\"@type\":\"EntryPoint\",\"urlTemplate\":\"https:\/\/fonologos.com\/nweb\/?s={search_term_string}\"},\"query-input\":\"required name=search_term_string\"}],\"inLanguage\":\"ca\"}]}<\/script>\n<!-- \/ Yoast SEO plugin. -->","yoast_head_json":{"title":"- Fonologos","robots":{"index":"index","follow":"follow","max-snippet":"max-snippet:-1","max-image-preview":"max-image-preview:large","max-video-preview":"max-video-preview:-1"},"canonical":"https:\/\/fonologos.com\/nweb\/","og_locale":"ca_ES","og_type":"article","og_title":"- Fonologos","og_description":"FonoLogos es un servicio m\u00e9dico de foniatr\u00eda y logopedia de la ciudad de Barcelona, especializado en las patolog\u00edas de la Comunicaci\u00f3n. Nuestra consulta est\u00e1 enfocada al diagn\u00f3stico y tratamiento de las alteraciones de la voz, habla, lenguaje, degluci\u00f3n y audici\u00f3n en adultos y ni\u00f1os, as\u00ed como a cursos de t\u00e9cnica vocal y prevenci\u00f3n en profesiones [&hellip;]","og_url":"https:\/\/fonologos.com\/nweb\/es\/","og_site_name":"Fonologos","article_modified_time":"2024-11-26T18:24:03+00:00","og_image":[{"url":"http:\/\/fonologos.com\/nweb\/wp-content\/uploads\/2020\/08\/lenguaje-y-comunicacion.png"}],"twitter_card":"summary_large_image","twitter_misc":{"Temps estimat de lectura":"3 minuts"},"schema":{"@context":"https:\/\/schema.org","@graph":[{"@type":"WebPage","@id":"https:\/\/fonologos.com\/nweb\/es\/","url":"https:\/\/fonologos.com\/nweb\/es\/","name":"- Fonologos","isPartOf":{"@id":"https:\/\/fonologos.com\/nweb\/#website"},"datePublished":"2015-12-03T16:25:18+00:00","dateModified":"2024-11-26T18:24:03+00:00","inLanguage":"ca","potentialAction":[{"@type":"ReadAction","target":["https:\/\/fonologos.com\/nweb\/es\/"]}]},{"@type":"WebSite","@id":"https:\/\/fonologos.com\/nweb\/#website","url":"https:\/\/fonologos.com\/nweb\/","name":"Fonologos","description":"Cl\u00ednica de Foniatria i Logop\u00e8dia a Barcelona","potentialAction":[{"@type":"SearchAction","target":{"@type":"EntryPoint","urlTemplate":"https:\/\/fonologos.com\/nweb\/?s={search_term_string}"},"query-input":"required name=search_term_string"}],"inLanguage":"ca"}]}},"_links":{"self":[{"href":"https:\/\/fonologos.com\/nweb\/wp-json\/wp\/v2\/pages\/145"}],"collection":[{"href":"https:\/\/fonologos.com\/nweb\/wp-json\/wp\/v2\/pages"}],"about":[{"href":"https:\/\/fonologos.com\/nweb\/wp-json\/wp\/v2\/types\/page"}],"author":[{"embeddable":true,"href":"https:\/\/fonologos.com\/nweb\/wp-json\/wp\/v2\/users\/1"}],"replies":[{"embeddable":true,"href":"https:\/\/fonologos.com\/nweb\/wp-json\/wp\/v2\/comments?post=145"}],"version-history":[{"count":29,"href":"https:\/\/fonologos.com\/nweb\/wp-json\/wp\/v2\/pages\/145\/revisions"}],"predecessor-version":[{"id":1046,"href":"https:\/\/fonologos.com\/nweb\/wp-json\/wp\/v2\/pages\/145\/revisions\/1046"}],"wp:attachment":[{"href":"https:\/\/fonologos.com\/nweb\/wp-json\/wp\/v2\/media?parent=145"}],"curies":[{"name":"wp","href":"https:\/\/api.w.org\/{rel}","templated":true}]}}